{"id":73,"date":"2023-08-28T15:45:28","date_gmt":"2023-08-28T15:45:28","guid":{"rendered":"http:\/\/www.puuharit.fi\/?page_id=73"},"modified":"2025-02-05T12:51:03","modified_gmt":"2025-02-05T12:51:03","slug":"home-2","status":"publish","type":"page","link":"https:\/\/www.puuharit.fi\/?page_id=73","title":{"rendered":"Yhteydenotot"},"content":{"rendered":"\n<p>Pihaty\u00f6t<br>Puh. 044 9866794<br><a href=\"mailto:piha@puuharit.fi\">piha@puuharit.fi<\/a><\/p>\n\n\n\n<p>Remonttity\u00f6t<br>Puh. 045 78311358<br><a href=\"mailto:remontti@puuharit.fi\">remontti@puuharit.fi<\/a><\/p>\n\n\n\n<p>Siivous- ja henkil\u00f6kohtaisen avun ty\u00f6t<br>Puh. 045 78384081<br><a href=\"mailto:siivous@puuharit.fi\">siivous@puuharit.fi<\/a>&nbsp;<br><a href=\"mailto:sopa@puuharit.fi\">sopa@puuharit.fi<\/a> (ALV0% sopimusasiakkaat)<\/p>\n\n\n\n<p>Tietosuojaselosteen voit ladata <a href=\"https:\/\/www.puuharit.fi\/wp-content\/uploads\/2025\/01\/Asiakasrekisterin-tietosuojaseloste.pdf\" data-type=\"attachment\" data-id=\"1176\">t\u00e4st\u00e4<\/a>.<\/p>\n","protected":false},"excerpt":{"rendered":"<p>Pihaty\u00f6tPuh. 044 9866794piha@puuharit.fi Remonttity\u00f6tPuh. 045 78311358remontti@puuharit.fi Siivous- ja henkil\u00f6kohtaisen avun ty\u00f6tPuh. 045 78384081siivous@puuharit.fi&nbsp;sopa@puuharit.fi (ALV0% sopimusasiakkaat) Tietosuojaselosteen voit ladata t\u00e4st\u00e4.<\/p>\n","protected":false},"author":1,"featured_media":0,"parent":0,"menu_order":0,"comment_status":"closed","ping_status":"closed","template":"template\/template-page-full-width.php","meta":{"footnotes":""},"class_list":["post-73","page","type-page","status-publish","hentry"],"_links":{"self":[{"href":"https:\/\/www.puuharit.fi\/index.php?rest_route=\/wp\/v2\/pages\/73","targetHints":{"allow":["GET"]}}],"collection":[{"href":"https:\/\/www.puuharit.fi\/index.php?rest_route=\/wp\/v2\/pages"}],"about":[{"href":"https:\/\/www.puuharit.fi\/index.php?rest_route=\/wp\/v2\/types\/page"}],"author":[{"embeddable":true,"href":"https:\/\/www.puuharit.fi\/index.php?rest_route=\/wp\/v2\/users\/1"}],"replies":[{"embeddable":true,"href":"https:\/\/www.puuharit.fi\/index.php?rest_route=%2Fwp%2Fv2%2Fcomments&post=73"}],"version-history":[{"count":17,"href":"https:\/\/www.puuharit.fi\/index.php?rest_route=\/wp\/v2\/pages\/73\/revisions"}],"predecessor-version":[{"id":1184,"href":"https:\/\/www.puuharit.fi\/index.php?rest_route=\/wp\/v2\/pages\/73\/revisions\/1184"}],"wp:attachment":[{"href":"https:\/\/www.puuharit.fi\/index.php?rest_route=%2Fwp%2Fv2%2Fmedia&parent=73"}],"curies":[{"name":"wp","href":"https:\/\/api.w.org\/{rel}","templated":true}]}}